et y(z) = -z + 4. Let f be y(3). Let q be -2 - (-6 + 3) - f. Let n(c) = c**2 - c - 1. Calculate n(q).
-1
Let k = 14 + -19. Let w(d) = 2*d + 6. Determine w(k).
-4
Let n(d) = -d**3 - 3*d**2 + 5*d - 1. Let w = 117 + -121. Determine n(w).
-5
Suppose 5*t - 48 + 13 = 0. Let w be (-38)/t + 21/49. Let i(x) = x - 3 + 3. Determine i(w).
-5
Let a be (-2 - 4/(-2)) + 0. Let o(y) be the second derivative of -2*y - 1/2*y**3 - 2*y**2 + 1/12*y**4 + a. Calculate o(4).
0
Let r(p) = 5*p**2 + 3*p - 8. Let m(a) = 3*a**2 + 2*a**2 + 3*a + a**2 - 9. Let s(t) = 4*m(t) - 5*r(t). What is s(-4)?
0
Let z(q) = -19*q + 3. Let i(j) = -2*j - 15*j - 7*j + 4 - 5*j. Let f(a) = 5*i(a) - 8*z(a). Give f(3).
17
Let h(o) = 2*o**2 - 9*o + 5. Let p(m) = -5*m**2 + 19*m - 10. Let x(f) = -7*h(f) - 3*p(f). Determine x(-6).
-5
Let r(h) = h**2 - h - 1. Let g be r(-1). Let v(s) be the first derivative of -s**2/2 + s - 1. Give v(g).
0
Suppose 74 - 62 = -3*i. Let g(n) = 4*n**2 + 8*n - 1. Let f(h) = h**2 + h. Let k = 11 - 8. Let u(q) = k*f(q) - g(q). Determine u(i).
5
Let i(g) = -g**3 - 2*g**2 - 3*g**2 - 4*g - g**2 - 3. Let t = -56 + 51. Give i(t).
-8
Let b(s) = -46 + 2*s - s + 44. What is b(7)?
5
Let v(g) = 2*g**3 + 4*g**2 + 4*g + 10. Let y be (15/(-25))/((-2)/10). Let m(j) = -5*j**3 - 11*j**2 - 11*j - 31. Let s(a) = y*m(a) + 8*v(a). Give s(0).
-13
Suppose 2*g - 8 = -5*m + 22, -25 = 5*g. Let f(j) = -j**2 + 9*j - 7. Calculate f(m).
1
Let v be 2/(-8) - (-17)/4. Suppose 3*l + 15 = -3*m, 15 = -v*m + m. Suppose -h + l + 4 = 0. Let r(x) = -x**2 + 2*x + 2. What is r(h)?
-6
Let d(f) = f**3 - f - 2. Let k(p) = p**3 - 5*p**2 - 7*p + 8. Let s be k(6). Determine d(s).
4
Let d(k) = 7*k**2 - 14*k + 9. Let h(x) = -6*x**2 + 13*x - 8. Let c(u) = 5*d(u) + 6*h(u). What is c(8)?
-3
Let k = -6 + 11. Suppose 2*c = z + c - k, -2*c = 2*z + 2. Let o(r) be the third derivative of -r**6/120 + r**4/12 - r**2. Determine o(z).
-4
Let q(w) be the second derivative of -w**2 + 1/12*w**4 + 0 + 0*w**3 + 3*w. Give q(-2).
2
Let c(y) = 2*y**2 - 30*y + 35. Let o be c(14). Let x(f) = f + 12. Let q be x(-5). Let k(z) = -q + o - 2*z. Give k(-3).
6
Let y(n) be the third derivative of n**7/1260 - 7*n**4/24 - 9*n**2. Let t(c) be the second derivative of y(c). Calculate t(1).
2
Let q(f) = -5*f + 5. Let x(p) = -p + 1. Let l be x(6). Let m(d) = -6*d + 6. Let b(o) = l*q(o) + 4*m(o). What is b(1)?
0
Let q(b) = -16*b**2 + 36*b - 1. Let o(c) = 3*c**2 - 7*c. Let u(z) = -11*o(z) - 2*q(z). Let p(r) = 2*r**2 - 2*r + 2. Let f be p(2). Give u(f).
-4
Let d(l) be the second derivative of -l**4/12 - l**3/2 + 3*l. Calculate d(-4).
-4
Let d(h) be the third derivative of -h**7/840 + h**6/120 - h**4/12 + h**3/2 - 2*h**2. Let z(c) be the first derivative of d(c). Give z(2).
2
Let b = -7 + 10. Suppose 0*m - b = m. Let k(s) = -3*s. Determine k(m).
9
Let u(x) = x + 2 + x**3 + 2*x**2 - 2*x**2 + 3*x**2. Let n be -1*(1 - 4/4). Suppose n*h = h + 3. Determine u(h).
-1
Let n be (-1 + 2)*(9 + -2). Suppose -n*l + 18 = -4*l. Let r(h) = 3*h - 9. What is r(l)?
9
Let q(b) be the second derivative of 0 - 2*b**2 - 4*b + 1/3*b**3 + 1/12*b**4. Determine q(-3).
-1
Let l(s) = -s + 2. Let y be -8 - 1 - 16/(-4). Give l(y).
7
Let a be 1 + 1 + (1 - 0). Let n(v) = 14*v**2 + 9*v - 11. Let j(i) = -5*i**2 - 3*i + 4. Let d(b) = 17*j(b) + 6*n(b). Determine d(a).
2
Suppose -3*v = -2*v - 20. Let k be v/((-4)/1) - -4. Let j(h) = 3 + 0 - h - 2. What is j(k)?
2
Let a be 15/(-5)*2/(-3). Let m(x) = 0*x - a - x + 3. Determine m(-4).
5
Suppose 1 = y - 1. Suppose 0 = y*n - 16 - 8. Suppose 0*v - n = -4*v. Let b(h) = -h**3 + 3*h**2 - 3*h + 4. Determine b(v).
-5
Let q(p) be the first derivative of p**2 + 2*p + 2. Calculate q(-3).
-4
Let u(a) = -20*a**3 - 8*a**2 + 18*a - 15. Let y(b) = 7*b**3 + 3*b**2 - 6*b + 5. Suppose j + 4 = 10. Let d(k) = j*u(k) + 17*y(k). Calculate d(4).
3
Let f(v) = 2*v - 3. Suppose 4*d - 3*d = -3. Determine f(d).
-9
Let i(k) = 4*k**2 - 7*k - 1. Let o(a) = 6*a**2 - 10*a - 2. Let l(m) = 8*i(m) - 5*o(m). Let j = 5 + -1. What is l(j)?
10
Let f(r) be the first derivative of 1/2*r**2 + 2*r + 1 - 1/3*r**3. What is f(2)?
0
Let a = 33 + -17. Let d be ((-9)/(-6))/((-12)/a). Let p(m) = 3*m + 2. Calculate p(d).
-4
Let y(j) = -2 - 4 + j + 7 + j**2 + 1. Calculate y(-4).
14
Let l(k) = -2*k**3 + 2*k + 1 - 3*k - k**3. Let y(b) = -2*b**2 - 18*b + 1. Let i be y(-9). Calculate l(i).
-3
Let i(u) be the second derivative of u**4/6 - u**3/2 - 2*u**2 + 14*u. Give i(3).
5
Let j(l) = 2*l**3 - 8*l**2 - 5*l - 10. Let p(w) = 5*w**3 - 23*w**2 - 14*w - 29. Let b(n) = 8*j(n) - 3*p(n). Give b(-5).
-3
Let v be (-6)/10 - (-110)/(-25). Let l(x) = x**3 + 5*x**2 - 2*x - 5. Determine l(v).
5
Let p be (-8 - -2) + (-21)/(-3). Let h(d) = 19*d - 1. What is h(p)?
18
Let y(i) = i**3 + 3*i**2 - 4*i - 1. Let p be y(-4). Let f = -4 + p. Let v(b) = -5*b**2 - 7*b + 1. Let w(l) = -l**2. Let h(n) = -v(n) + 4*w(n). Calculate h(f).
-11
Let c(p) = p. Let y(n) = 5*n + 6. Let i(f) = -4*c(f) + y(f). Determine i(7).
13
Let m(j) = -2*j**2 + 4*j - 10. Let q(r) = -r**2 + r - 3. Let t(b) = 2*m(b) - 7*q(b). Let y = 83 + -85. Calculate t(y).
11
Let f = -1 + -1. Let r(y) be the second derivative of -y**5/20 - y**4/4 + y**2 + 3*y. Calculate r(f).
-2
Suppose 5*d + 6 = -4. Let x be (d/(-3))/((-4)/(-6)). Let v(z) = -10*z**3 - 2*z**2 + 2. Let w(r) = -5*r**3 - r**2 + 1. Let i(k) = 3*v(k) - 7*w(k). What is i(x)?
5
Let r(s) = 4*s**2 - 10*s + 7. Let v(w) = -w**2 + w. Let k(o) = -r(o) - 3*v(o). Let a be (2/(-4) + 1)/(6/72). Give k(a).
-1
Let w(i) = 3*i**2 + 12*i - 9. Let o(d) = 2*d**2 + 6*d - 5. Let n(f) = -5*o(f) + 3*w(f). Determine n(6).
-2
Let k(p) = -1. Let s(q) = -2*q**2 + q - 5. Let o(n) = 6*k(n) - s(n). Let g(d) = -d + 2. Let j be g(3). Calculate o(j).
2
Let f(n) = 7*n - 1. Suppose 3*m - 12 = 2*o + o, 2*m - 11 = 5*o. Suppose -7*w = -m*w - 4. What is f(w)?
6
Let w(c) = 4*c**2 - 6*c - 4. Let j(n) = -11*n**2 + 18*n + 12. Let y(s) = -3*j(s) - 8*w(s). Calculate y(7).
3
Let k(x) = -2*x - 2*x + 9*x. Let p be k(-1). Let o(h) = -h - 1. Determine o(p).
4
Let l(z) be the first derivative of z**2 - z - 49. What is l(-2)?
-5
Let u = -6 - -1. Let x(m) be the second derivative of 3*m + 1/3*m**3 + m**2 + 0. What is x(u)?
-8
Let t be 2/(-10) - (-108)/15. Let w(o) = -o**3 + 8*o**2 - 6*o - 5. Let c be w(t). Let p(j) = 4 + j**2 + 0*j**c + 7*j + 1. Determine p(-5).
-5
Let j be ((-32)/(-12))/((-2)/(-3)). Let h(w) be the third derivative of w**5/60 - w**4/24 - 5*w**3/6 - 7*w**2. Give h(j).
7
Let u(q) = -q**2 + 2*q - 3. Suppose -9 = 3*a + 9. Let x = a - -9. Calculate u(x).
-6
Let s(w) = -11*w + w + 5*w + 4*w. What is s(6)?
-6
Suppose -j = -2*j, 0 = -4*t + j. Let a be -4 + t + (-2)/(-1). Let u(q) = -q**2 - 2*q - 3. Calculate u(a).
-3
Suppose -j - 5 = -2*j. Let b(g) be the third derivative of g**6/120 - g**5/15 - 5*g**4/24 + 2*g**3/3 + 26*g**2. Calculate b(j).
4
Let h(n) = -n - 8. Let y(m) = -m - 8. Let g(s) = 3*h(s) - 2*y(s). Suppose 0*i - 4*o = -4*i + 8, 2*o = 8. What is g(i)?
-14
Let o = -65 + 61. Let u(i) = 9*i - 21. Let f(y) = -5*y + 11. Let s(n) = 11*f(n) + 6*u(n). Give s(o).
-1
Let u(f) = -f - 6. Let y be u(-7). Let m(j) = 5*j**3 + 1 + 0 - 3*j + 2*j. Determine m(y).
5
Let i(x) = x**3 + 6*x**2 + 6*x - 1. Let h be i(-4). Let p(a) = a - 1. Determine p(h).
6
Suppose -2*h - 2*h + 4*l = -4, 0 = -5*l + 10. Suppose j - 8 = h*j. Let s(b) = -b**3 - 4*b**2 + 2*b. Calculate s(j).
-8
Let i be (3*2/3)/((-6)/(-27)). Let l(t) = t**2 - 7*t - 13. Give l(i).
5
Let f = -8 - -2. Let z(w) = 3*w + 2. Let q(a) = 6*a + 4. Let v(u) = f*q(u) + 11*z(u). What is v(-4)?
10
Suppose -2*o = 4*y - 5*o - 21, -y - 9 = 4*o. Let j(b) = -b**3 + 3*b**2 - 4*b + 1. Determine j(y).
-11
Let m = -19 + 31. Suppose -m = q - 4*r, 0*q + 4*r = -4*q + 32. Let a(w) = -6*w - w**2 + 3*w + 2*w - q*w**3. Calculate a(-1).
4
Let c(d) = d - 4. Let z be c(6). Let p(y) = -2*y + 3. Let x be p(z). Let b(m) = 3*m**3 - m**2 - 2*m - 1. Give b(x).
-3
Let r(q) be the third derivative of q**6/120 - q**5/60 - 5*q**4/24 + q**3/3 - 2*q**2. Let g be 1/4 - (-27)/4. Let l = -4 + g. Give r(l).
5
Let u(i) = -i**3 - 5*i**2 + 6*i - 1. Let g(q) = -7*q + 29. Let s be g(5). Give u(s).
-1
Suppose 0 = 3*j - 4*c - 18, -5*j - 2*c = c - 30. Let u = j - 7. Let z(t) = t - 1. Calculate z(u).
-2
Let f be ((-4)/(-6))/(4/66). Let b be (-1)/3 - f/3. Let 